ommon divisor of 15 and d.
5
Suppose 0 = x - 2 - 3. Suppose -5*p + 9 = x*a - 1, p = 4*a - 3. Let h be (127 - 1) + (1 - a). What is the greatest common factor of h and 14?
14
Let m = -53 + 77. Let o = m - 17. Let x be -1*(-1)/(-1) + 2. What is the greatest common factor of x and o?
1
Suppose 0 = -16*d + 166 + 154. What is the highest common divisor of 170 and d?
10
Suppose 3*q = 2*h + 2*h - 21484, 4*h = 5*q + 21492. Calculate the greatest common factor of h and 11.
11
Let l(m) = -m**3 - 5*m**2 - 7*m - 20. Let o be l(-4). Let u be (-270)/(-20)*o/(-3). Calculate the greatest common divisor of 48 and u.
12
Suppose -4*n = -5*n + 204. Calculate the highest common divisor of n and 12.
12
Let k be 2/(-11) + 3970/55. Suppose 2*y + 30 = 4. Let x = 31 + y. Calculate the highest common divisor of x and k.
18
Suppose 25*x - 12*x = 234. Calculate the highest common divisor of 54 and x.
18
Suppose 175 + 49 = 7*m. What is the greatest common factor of 192 and m?
32
Let m = 8 + -2. Let v(h) = 5*h + 12. Let i be v(-4). Let w(s) = s**2 + 8*s + 6. Let f be w(i). Calculate the highest common factor of m and f.
6
Let f(z) = 3*z + 4. Let s(a) = -1. Let l(g) = -f(g) + 2*s(g). Let q be l(-2). Suppose 0*p + p - 198 = q. Calculate the greatest common factor of p and 18.
18
Let m be 9*(76/(-114) - (-2 + 2)) + 158. Let t = -10 - -29. What is the highest common divisor of m and t?
19
Suppose -209 = -r + 3*n, -410 = 11*r - 13*r + 2*n. Calculate the greatest common factor of 7 and r.
7
Suppose 2*q - 5*b + 3*b - 126 = 0, 5*q = 3*b + 315. Suppose 0*y - q = -y. Suppose 8 = -5*a + y. Calculate the greatest common divisor of a and 99.
11
Suppose 5*m + 338 = -3*j + 6*m, 2*j + 221 = 5*m. Suppose 0 = 6*d + 4*d - 1590. Let w = d + j. What is the highest common divisor of w and 115?
23
Suppose 0 = -4*s + 16, 0 = 2*t + t + s - 355. What is the greatest common factor of 507 and t?
39
Suppose 13*q + 6 = 10*q, -u = 2*q + 2. Calculate the highest common factor of 9 and u.
1
Suppose 4*w = 2*w - 2*z + 4, w - 2*z = 14. Let n(k) = 2*k - 7. Let t be n(w). Let q = -130 - -135. What is the greatest common factor of t and q?
5
Suppose 10*s = 7*s - 75. Let i = 0 - s. What is the greatest common factor of i and 10?
5
Suppose -3*h = -3*a - 75 + 495, 0 = 3*a + 4*h - 420. What is the highest common divisor of a and 120?
20
Let z(d) = -d**2 + 17*d - 9. Let w be z(14). What is the highest common factor of w and 264?
33
Let m(w) = w + 33. Let q be m(0). Suppose -5*j - 22 = 3*g, g = -2*j + 7*j - 34. Let y = g - -17. What is the highest common divisor of q and y?
3
Suppose -758 = -6*v - 38. Calculate the greatest common divisor of 3 and v.
3
Let g = 46 - -6. What is the highest common factor of 78 and g?
26
Let k be 3*1/(0 - 3). Let y = k + 15. Suppose 5*b = -2*w + 45, 3*w + 11 - 131 = 3*b. What is the highest common divisor of y and w?
7
Suppose 3*k - 5*t - 488 + 152 = 0, -2*t - 336 = -3*k. Calculate the highest common factor of 14 and k.
14
Suppose -2*i + 4*i - 168 = 0. Let l(x) = x**3 + 3*x**2 - 53*x + 48. Let y be l(0). Calculate the greatest common factor of i and y.
12
Suppose 0 = -4*c + 5*z + 36, -z = 4*c - 2*c - 32. Calculate the highest common factor of 77 and c.
7
Let s(c) = -c**3 - c**2 + 4*c - 3. Let v be s(2). Let k = v - -17. Suppose -85*y + 386 + 464 = 0. What is the highest common factor of k and y?
10
Suppose 3*g + 2*r - 18 = 0, -6 = -g - 5*r - 0. Suppose -c + 49 = g*c. Calculate the highest common factor of 133 and c.
7
Let a be ((-4)/40*92)/(2/(-20)). Suppose -89*t = -85*t - a. Suppose -61 = 4*v - 889. Calculate the greatest common factor of t and v.
23
Let w = -2 - -42. Suppose j = 6 + w. What is the highest common divisor of j and 46?
46
Let j = 372 - 364. Let x be (6/8)/(1/96). What is the highest common divisor of x and j?
8
Suppose 0 = -28*q + 52*q - 864. Calculate the greatest common factor of 117 and q.
9
Suppose 0 = 2*u + 5*t - 2166, u + 2*t = -284 + 1366. What is the highest common divisor of 49 and u?
49
Suppose 2*o - 48 = 62. Let u be (1 - -1)/(10/o). Let j = 21 - u. What is the greatest common divisor of 40 and j?
10
Suppose p + 6*r - 3*r = 24, -4*r = 3*p - 47. Calculate the highest common factor of 6 and p.
3
Let a = 428 - 44. Calculate the highest common factor of 84 and a.
12
Let h be -7*2748/(-84) - 5. What is the highest common factor of 80 and h?
16
Suppose 0 = 2*x - 40 - 40. Let j be (8 - 3)/(2/(-4)). Let a be (j/(-6))/(9/27). Calculate the greatest common divisor of x and a.
5
Let l = 3 + 8. Let b = -52 + 16. Let h = b + 69. What is the greatest common factor of l and h?
11
Let x(q) be the third derivative of q**6/60 - 4*q**5/15 + q**4/24 + 7*q**3/6 - 16*q**2. Let o be x(8). Calculate the highest common divisor of o and 75.
15
Suppose 1276*n = 1280*n - 144. Calculate the greatest common divisor of 12 and n.
12
Let d = -185 + 125. Let v be (2/(-3))/(5/d). Let h(c) = c**2 - 7*c + 1. Let s be h(v). Calculate the highest common factor of 36 and s.
9
Let c(q) = -q**3 + 9*q**2 - 5*q - 16. Let b be c(8). Suppose -4*y = -24 + b. What is the highest common divisor of 4 and y?
4
Let n(x) = x + 10. Let s be n(-8). Let m(o) = -5*o**2 + 5*o**s - 4 + o**2 + 2 + 3*o. Let c be m(-4). Calculate the greatest common factor of c and 4.
2
Suppose -4*c + w = -4*w - 322, c + w - 76 = 0. What is the highest common divisor of c and 273?
39
Let v be -4*1*9/(-12). Let r(p) = p**v + 2*p**3 + 31*p**3 + 3*p + 2 - 4*p. Let g be r(1). Calculate the highest common factor of g and 5.
5
Let n = -75 + 93. What is the highest common factor of 18 and n?
18
Let z(j) = 766*j - 7. Let y be z(2). What is the greatest common factor of y and 25?
25
Let l(t) be the second derivative of 19*t**5/20 + t**4/6 + t**3/6 - t**2 - 21*t. Let d be l(2). Calculate the highest common factor of d and 20.
20
Suppose 4*m - 270 = 10. Let d = 31 - 21. What is the highest common factor of m and d?
10
Let t = 34 + -34. Suppose 3*v - 45 = -2*v - 4*q, t = v + 4*q + 7. Calculate the highest common divisor of 117 and v.
13
Let i = 0 + 12. Suppose -15*c + 20*c - 57 = -f, 4*c + 5*f - 33 = 0. What is the highest common divisor of c and i?
12
Let x = 15 + -14. Let r(u) = u + 6. Let m be r(-5). Let t be m/(x*(-3)/(-57)). Calculate the greatest common factor of t and 209.
19
Suppose -5*r + 10 = 5*x, -8 + 4 = -4*r - 3*x. Let p be 329/3 + r/(-6). Calculate the highest common factor of p and 10.
10
Let r = 10 + -46. Let q = -34 - r. What is the greatest common divisor of q and 6?
2
Let l be 66*(-1)/(-4)*-8. Let a be l/(-28) - (-8)/28. Let v = a + -3. Calculate the highest common factor of v and 18.
2
Suppose -2*q + 0*q + 12 = 0. Let f = q - 3. Suppose 3*b + 2*a - 38 = -0*b, 0 = -5*b + a + 59. What is the greatest common divisor of b and f?
3
Suppose -5*j - 120 = -3*q, 5*q + 5*j - 6*j - 178 = 0. Calculate the greatest common factor of q and 245.
35
Suppose 2*g = -g + 42. Let y = 3974 + -3972. Calculate the greatest common divisor of g and y.
2
Suppose -7*x - 37 = -f - 9*x, -4*x = 3*f - 105. Calculate the greatest common factor of f and 961.
31
Let o be 83 - -2*(3 - 2). Suppose -16*n = -14*n - 4. Suppose -5*j - 251 = -3*s - j, -s + n*j = -o. Calculate the highest common factor of 9 and s.
9
Let u = 23 - 18. Suppose u*n = 176 + 174. Calculate the highest common factor of n and 10.
10
Let n = 2849 - 1485. Calculate the highest common divisor of 4 and n.
4
Let z(v) = v. Let h be z(1). Suppose 6 = 2*w + d, -3*d = 15*w - 14*w - 13. Calculate the greatest common divisor of w and h.
1
Suppose -4*f - 2*z = 17 + 17, 40 = -4*f - 4*z. Let n(y) = y**3 + 7*y**2 + 3*y + 31. Let x be n(f). What is the highest common divisor of x and 170?
10
Let x(t) = t**2 - 2*t + 17. Let a(f) = f + 4. Let c be a(-4). Let w be x(c). Suppose -2*r + 241 = -31. What is the greatest common factor of r and w?
17
Let z(u) = 4*u**2 + 24*u - 27. Let n be z(-9). What is the greatest common factor of n and 891?
81
Suppose 3*f = 128 + 40. Calculate the highest common factor of f and 7.
7
Let r(w) = -w + 26. Let j be r(6). Let p = j + -6. Suppose -3*b = -2*a - 65, -b + a = -4*b + 62. What is the highest common factor of p and b?
7
Let a = 520 - 472. Calculate the highest common divisor of a and 60.
12
Suppose 5*b - 98 = -8. Suppose -4*z - 4*s = -9*s - 129, -3*z + 105 = -s. What is the